te the highest common divisor of 245 and 142345.
245
Calculate the greatest common divisor of 8880 and 42960.
240
What is the highest common factor of 80105 and 1295?
185
Calculate the highest common divisor of 115 and 275195.
115
Calculate the highest common factor of 250 and 790.
10
What is the greatest common divisor of 478036 and 1300?
52
What is the greatest common divisor of 380397 and 138?
69
Calculate the greatest common factor of 22 and 186208.
22
What is the highest common factor of 462546 and 48?
6
Calculate the highest common divisor of 20619 and 4503.
237
What is the highest common factor of 12 and 23092512?
12
Calculate the greatest common divisor of 2324 and 19300820.
2324
What is the greatest common factor of 3180 and 1110?
30
What is the greatest common factor of 10874 and 2?
2
Calculate the highest common factor of 256 and 1803008.
256
Calculate the highest common divisor of 6762 and 686.
98
Calculate the highest common divisor of 701 and 174.
1
What is the highest common divisor of 616098 and 28?
14
What is the highest common divisor of 524104 and 245?
49
What is the highest common divisor of 36 and 29964?
12
What is the greatest common factor of 1 and 68699?
1
What is the highest common factor of 3016 and 1079?
13
Calculate the greatest common factor of 7 and 6733.
1
Calculate the highest common divisor of 154 and 491029.
77
Calculate the greatest common divisor of 214084 and 51428.
1196
Calculate the greatest common factor of 217 and 7998.
31
Calculate the greatest common factor of 28035 and 1575.
315
Calculate the highest common factor of 38709 and 207.
207
Calculate the highest common divisor of 5504 and 70864.
688
Calculate the highest common divisor of 37366 and 6154.
34
What is the highest common factor of 73794 and 18?
6
What is the greatest common factor of 540 and 138420?
180
What is the highest common divisor of 999834 and 264?
66
What is the greatest common divisor of 30 and 38730?
30
What is the highest common divisor of 2409 and 12921?
219
Calculate the highest common divisor of 512 and 6064.
16
Calculate the greatest common divisor of 31192 and 58.
2
Calculate the highest common divisor of 1608 and 385317.
201
What is the greatest common factor of 10626 and 2415?
483
What is the greatest common factor of 8659 and 63?
7
What is the highest common divisor of 12 and 4782?
6
Calculate the greatest common factor of 12536084 and 44.
44
What is the greatest common divisor of 107 and 39376?
107
What is the highest common divisor of 1592 and 10192?
8
Calculate the highest common divisor of 655 and 1465235.
655
Calculate the highest common divisor of 701184 and 48.
48
What is the greatest common factor of 2175125 and 125?
125
Calculate the greatest common divisor of 4355 and 23450.
335
What is the highest common divisor of 64 and 1493776?
16
What is the greatest common factor of 156 and 251052?
12
What is the highest common factor of 13312 and 275392?
832
Calculate the highest common factor of 234955 and 15.
5
What is the highest common divisor of 4403 and 12019?
119
Calculate the greatest common divisor of 26652 and 36.
12
What is the highest common divisor of 48 and 1128?
24
What is the greatest common divisor of 440 and 525085?
55
Calculate the greatest common factor of 12616 and 15656.
152
What is the highest common factor of 198062 and 668?
334
What is the greatest common divisor of 737590 and 7462?
574
Calculate the highest common factor of 38652 and 6588.
12
What is the highest common factor of 14 and 26574632?
14
What is the greatest common factor of 3280 and 3720?
40
What is the highest common factor of 183920 and 19?
19
Calculate the highest common factor of 549 and 3688731.
549
What is the highest common factor of 60668 and 754?
58
What is the highest common divisor of 821210 and 104?
26
Calculate the greatest common factor of 656 and 49446.
82
What is the greatest common factor of 43990 and 1060?
530
Calculate the highest common divisor of 273 and 315.
21
What is the greatest common factor of 58410 and 924?
66
What is the greatest common factor of 29375 and 47?
47
Calculate the highest common divisor of 637 and 60613.
49
What is the greatest common divisor of 525 and 66675?
525
Calculate the greatest common divisor of 64 and 4164208.
16
What is the greatest common divisor of 4953 and 3822?
39
Calculate the highest common divisor of 138632 and 1118.
1118
Calculate the highest common divisor of 283 and 408.
1
Calculate the highest common divisor of 827590 and 150.
10
What is the highest common factor of 568 and 710?
142
Calculate the highest common factor of 1089 and 132066.
99
What is the highest common factor of 712862 and 230?
46
Calculate the greatest common divisor of 251430 and 102.
102
Calculate the highest common factor of 26533 and 507.
169
Calculate the greatest common factor of 64402 and 104.
26
What is the highest common divisor of 2400 and 92550?
150
Calculate the highest common factor of 59470 and 30.
10
What is the greatest common divisor of 76 and 407018?
38
Calculate the greatest common factor of 56 and 32620.
28
What is the highest common factor of 262 and 131?
131
What is the greatest common factor of 328 and 9675180?
164
What is the highest common divisor of 1008 and 57960?
504
Calculate the highest common factor of 287 and 5017621.
287
Calculate the greatest common divisor of 10325 and 128450.
175
Calculate the highest common factor of 22 and 689414.
22
What is the highest common divisor of 5844 and 1008?
12
Calculate the greatest common factor of 30 and 18255.
15
Calculate the greatest common factor of 429 and 1182831.
39
Calculate the greatest common divisor of 32566 and 418.
38
Calculate the highest common factor of 30 and 4506.
6
What is the greatest common divisor of 182 and 20006?
14
Calculate the greatest common factor of 3655 and 187.
17
What is the highest common divisor of 63 and 600600?
21
Calculate the highest common factor of 5274 and 2358.
18
What is the greatest common divisor of 108976 and 1360?
16
What is the highest common divisor of 34 and 914311?
17
What is the highest common divisor of 19131 and 21?
21
What is the highest common factor of 10 and 192412?
2
Calculate the greatest common divisor of 154 and 11774.
14
What is the greatest common factor of 5512 and 8216?
104
What is the highest common divisor of 422 and 1154?
2
What is the greatest common factor of 420 and 8825460?
420
Calculate the greatest common factor of 333 and 10165824.
333
Calculate the highest common factor of 360 and 21510.
90
Calculate the greatest common factor of 5632 and 1296.
16
What is the highest common divisor of 465 and 132339?
93
Calculate the highest common factor of 26 and 10256.
2
What is the greatest common divisor of 92251 and 2?
1
What is the greatest common divisor of 689 and 11167?
13
What is the greatest common divisor of 175 and 18025?
175
What is the highest common divisor of 8 and 14492?
4
What is the greatest common divisor of 178 and 57583?
89
What is the greatest common factor of 82004 and 114?
38
What is the greatest common factor of 59630 and 44890?
670
What is the greatest common divisor of 1424 and 2944?
16
What is the highest common divisor of 54 and 247158?
54
What is the greatest common divisor of 2365 and 10450?
55
What is the greatest common factor of 530 and 44?
2
Calculate the greatest common factor of 473705 and 170.
85
Calculate the greatest common divisor of 30 and 334275.
15
Calculate the greatest common divisor of 992 and 1664.
32
Calculate the greatest common divisor of 270352 and 5368.
488
Calculate the greatest common divisor of 1573271 and 1268.
317
What is the greatest common factor of 3850473 and 33?
33
What is the greatest common divisor of 25660 and 20?
20
Calculate the highest common factor of 9418 and 34.
34
What is the highest common divisor of 2650 and 65455?
265
What is the greatest common factor of 1459578 and 24?
6
What is the greatest common divisor of 58595 and 5?
5
Calculate the highest common factor of 2885 and 4039.
577
Calculate the highest common divisor of 62969 and 3.
1
What is the greatest common factor of 7579630 and 20?
10
Calculate the greatest common divisor of 175 and 3962.
7
What is the greatest common factor of 39846 and 5